{"id":352,"date":"2020-10-23T15:01:55","date_gmt":"2020-10-23T15:01:55","guid":{"rendered":"https:\/\/localhost\/wordpress\/?page_id=352"},"modified":"2020-11-02T21:42:22","modified_gmt":"2020-11-02T21:42:22","slug":"profil","status":"publish","type":"page","link":"https:\/\/www.susann-fabiero.de\/?page_id=352","title":{"rendered":"Profil"},"content":{"rendered":"<p style=\"\">Susann Fabiero<\/p>\n<p style=\"\">Profil<\/p>\n<p style=\"font-size: 16px !important;\">Spielalter<\/p>\n<p style=\"font-size: 16px !important;\">Gr\u00f6\u00dfe<\/p>\n<p style=\"font-size: 16px !important;\">Statur<\/p>\n<p style=\"font-size: 16px !important;\">Konfektion<\/p>\n<p style=\"font-size: 16px !important;\">Haare<\/p>\n<p style=\"font-size: 16px !important;\">Augen<\/p>\n<p style=\"font-size: 16px !important;\">Fremdsprachen<\/p>\n<p style=\"font-size: 16px !important;\">Dialekt<\/p>\n<p style=\"font-size: 16px !important;\">Instrument<\/p>\n<p style=\"font-size: 16px !important;\">Gesangsstimme<\/p>\n<p style=\"font-size: 16px !important;\">F\u00fchrerschein<\/p>\n<p style=\"font-size: 16px !important;\">Sport<\/p>\n<p><span style=\"\"><img decoding=\"async\" alt=\"\" data-id=\"375\" data-init-width=\"2560\" data-init-height=\"1740\" title=\"DSCN4011 Profil\" loading=\"lazy\" src=\"https:\/\/localhost\/wordpress\/wp-content\/uploads\/2020\/10\/DSCN4011-Profil-scaled.jpg\" data-width=\"591\" data-height=\"401\" style=\"\" mt-d=\"0\" ml-d=\"-59\" width=\"591\" height=\"401\"><\/span><\/p>\n<p style=\"\">45&#8230;55<\/p>\n<p style=\"\">Englisch,Grundkenntnisse Russisch&amp; Italienisch<\/p>\n<p style=\"\">Reiten, Fechten, Leichtathletik, Wasserski<\/p>\n<p style=\"\">PKW, Motorrad, Sportboot<\/p>\n<p style=\"\">Alt<\/p>\n<p style=\"\">Gitarre<\/p>\n<p style=\"\">S\u00e4chsisch<\/p>\n<p style=\"\">braun<\/p>\n<p style=\"\">braun<\/p>\n<p style=\"\">36<\/p>\n<p style=\"\">schlank<\/p>\n<p style=\"\">1,68 m<\/p>\n<p style=\"font-size: 16px !important;\">Ausbildung<\/p>\n<p style=\"font-size: 16px !important;\">&nbsp;<\/p>\n<p style=\"\">Engagements<\/p>\n<p style=\"font-size: 16px !important;\"><span style=\"color: rgb(0, 0, 0);\">Abitur<\/span><span style=\"color: rgb(0, 0, 0);\">Zahmedizinstudium and der Universit\u00e4t Leipzig (3 Jahre)<\/span><span style=\"color: rgb(0, 0, 0);\">Ankleiderin am Schauspielhaus Leipzig<\/span><span style=\"color: rgb(0, 0, 0);\">Regie-Assistentin an den B\u00fchnen der Stadt Magdeburg<\/span><span style=\"color: rgb(0, 0, 0);\"><\/span><span style=\"color: rgb(0, 0, 0);\"><\/span><\/p>\n<p style=\"font-size: 16px !important;\"><span style=\"color: rgb(0, 0, 0);\">Theaterhochschule in Leipzig und<\/span><span style=\"color: rgb(0, 0, 0);\">Schule f\u00fcr Darstellende K\u00fcnste in Berlin<\/span><span style=\"color: rgb(0, 0, 0);\">Moderatoren-Sprecher und Synchronsprecher-Ausbildung (International Voice)<\/span><span style=\"color: rgb(0, 0, 0);\">Leadership-Training und Self-Awareness-Training (Progress International)<\/span><span style=\"color: rgb(0, 0, 0);\"><\/span><span style=\"color: rgb(0, 0, 0);\"><\/span><\/p>\n<p style=\"font-size: 16px !important;\"><span style=\"color: rgb(0, 0, 0);\">Leipzig, Wittenberg, Genf, W\u00fcrzburg, Berlin,<\/span><span style=\"color: rgb(0, 0, 0);\">L\u00fcneburg, M\u00fcnster, Braunschweig, Wolfsburg, Essen, Bonn,<\/span><span style=\"color: rgb(0, 0, 0);\">Schlossfestspiele Ettingen, Ekhof-Theater Gotha,<\/span><span style=\"color: rgb(0, 0, 0);\">Burgfestspiele Jagsthausen, u.a.<\/span><span style=\"color: rgb(0, 0, 0);\"><\/span><span style=\"color: rgb(0, 0, 0);\"><\/span><\/p>\n<p style=\"font-size: 16px !important;\"><span style=\"color: rgb(0, 0, 0);\">Diverse Rollen f\u00fcr Film und Fernsehen<\/span><\/p>\n<p style=\"\"><span style=\"color: rgb(0, 0, 0);\">Sprecherin f\u00fcr Werbetexte, Voice-Over, H\u00f6rbuch, H\u00f6rspiel, sowie B\u00fchnen- und TV-Moderation<\/span><\/p>\n","protected":false},"excerpt":{"rendered":"<p>Susann Fabiero Profil Spielalter Gr\u00f6\u00dfe Statur Konfektion Haare Augen Fremdsprachen Dialekt Instrument Gesangsstimme F\u00fchrerschein Sport 45&#8230;55 Englisch,Grundkenntnisse Russisch&amp; Italienisch Reiten, Fechten, Leichtathletik, Wasserski PKW, Motorrad, Sportboot Alt Gitarre S\u00e4chsisch braun braun 36 schlank 1,68 m Ausbildung &nbsp; Engagements AbiturZahmedizinstudium and der Universit\u00e4t Leipzig (3 Jahre)Ankleiderin am Schauspielhaus LeipzigRegie-Assistentin an den B\u00fchnen der Stadt Magdeburg Theaterhochschule [&hellip;]<\/p>\n","protected":false},"author":1,"featured_media":0,"parent":0,"menu_order":0,"comment_status":"closed","ping_status":"closed","template":"","meta":[],"_links":{"self":[{"href":"https:\/\/www.susann-fabiero.de\/index.php?rest_route=\/wp\/v2\/pages\/352"}],"collection":[{"href":"https:\/\/www.susann-fabiero.de\/index.php?rest_route=\/wp\/v2\/pages"}],"about":[{"href":"https:\/\/www.susann-fabiero.de\/index.php?rest_route=\/wp\/v2\/types\/page"}],"author":[{"embeddable":true,"href":"https:\/\/www.susann-fabiero.de\/index.php?rest_route=\/wp\/v2\/users\/1"}],"replies":[{"embeddable":true,"href":"https:\/\/www.susann-fabiero.de\/index.php?rest_route=%2Fwp%2Fv2%2Fcomments&post=352"}],"version-history":[{"count":38,"href":"https:\/\/www.susann-fabiero.de\/index.php?rest_route=\/wp\/v2\/pages\/352\/revisions"}],"predecessor-version":[{"id":684,"href":"https:\/\/www.susann-fabiero.de\/index.php?rest_route=\/wp\/v2\/pages\/352\/revisions\/684"}],"wp:attachment":[{"href":"https:\/\/www.susann-fabiero.de\/index.php?rest_route=%2Fwp%2Fv2%2Fmedia&parent=352"}],"curies":[{"name":"wp","href":"https:\/\/api.w.org\/{rel}","templated":true}]}}